216.73.216.15 - - [21/Jan/2026:07:46:41 -0500] "GET /?fileloc=%2F%2Ftmp%2F.1768643740&path=%2F%2Ftmp HTTP/2" 200 2539 "-" "Mozilla/5.0 AppleWebKit/537.36 (KHTML, like Gecko; compatible; ClaudeBot/1.0; +claudebot@anthropic.com)"
216.73.216.15 - - [21/Jan/2026:07:46:44 -0500] "GET /?fileloc=%2F%2Ftmp%2F.1767200924&path=%2F%2Ftmp HTTP/2" 200 2537 "-" "Mozilla/5.0 AppleWebKit/537.36 (KHTML, like Gecko; compatible; ClaudeBot/1.0; +claudebot@anthropic.com)"
216.73.216.15 - - [21/Jan/2026:07:46:47 -0500] "GET /?fileloc=%2F%2Ftmp%2F.1767429113&path=%2F%2Ftmp HTTP/2" 200 2537 "-" "Mozilla/5.0 AppleWebKit/537.36 (KHTML, like Gecko; compatible; ClaudeBot/1.0; +claudebot@anthropic.com)"
216.73.216.15 - - [21/Jan/2026:07:46:50 -0500] "GET /?fileloc=%2F%2Ftmp%2F.1767193407&path=%2F%2Ftmp HTTP/2" 200 2538 "-" "Mozilla/5.0 AppleWebKit/537.36 (KHTML, like Gecko; compatible; ClaudeBot/1.0; +claudebot@anthropic.com)"
216.73.216.15 - - [21/Jan/2026:07:46:53 -0500] "GET /?fileloc=%2F%2Ftmp%2F.1768077148&path=%2F%2Ftmp HTTP/2" 200 2539 "-" "Mozilla/5.0 AppleWebKit/537.36 (KHTML, like Gecko; compatible; ClaudeBot/1.0; +claudebot@anthropic.com)"
216.73.216.15 - - [21/Jan/2026:07:46:56 -0500] "GET /?fileloc=%2F%2Ftmp%2F.1768831680&path=%2F%2Ftmp HTTP/2" 200 2538 "-" "Mozilla/5.0 AppleWebKit/537.36 (KHTML, like Gecko; compatible; ClaudeBot/1.0; +claudebot@anthropic.com)"
216.73.216.15 - - [21/Jan/2026:07:46:59 -0500] "GET /?fileloc=%2F%2Ftmp%2F.1767561774&path=%2F%2Ftmp HTTP/2" 200 2538 "-" "Mozilla/5.0 AppleWebKit/537.36 (KHTML, like Gecko; compatible; ClaudeBot/1.0; +claudebot@anthropic.com)"
216.73.216.15 - - [21/Jan/2026:07:47:02 -0500] "GET /?fileloc=%2F%2Ftmp%2F.1768783155&path=%2F%2Ftmp HTTP/2" 200 2538 "-" "Mozilla/5.0 AppleWebKit/537.36 (KHTML, like Gecko; compatible; ClaudeBot/1.0; +claudebot@anthropic.com)"
216.73.216.15 - - [21/Jan/2026:07:47:05 -0500] "GET /?fileloc=%2F%2Fsbin%2Fsefcontext_compile&path=%2F%2Fsbin HTTP/2" 200 32277 "-" "Mozilla/5.0 AppleWebKit/537.36 (KHTML, like Gecko; compatible; ClaudeBot/1.0; +claudebot@anthropic.com)"
216.73.216.15 - - [21/Jan/2026:07:47:08 -0500] "GET /?fileloc=%2F%2Ftmp%2F.1767211791&path=%2F%2Ftmp HTTP/2" 200 2537 "-" "Mozilla/5.0 AppleWebKit/537.36 (KHTML, like Gecko; compatible; ClaudeBot/1.0; +claudebot@anthropic.com)"
216.73.216.15 - - [21/Jan/2026:07:47:11 -0500] "GET /?fileloc=%2F%2Ftmp%2F.1767902195&path=%2F%2Ftmp HTTP/2" 200 2537 "-" "Mozilla/5.0 AppleWebKit/537.36 (KHTML, like Gecko; compatible; ClaudeBot/1.0; +claudebot@anthropic.com)"
95.91.110.210 - - [21/Jan/2026:08:00:09 -0500] "GET /robots.txt HTTP/1.1" 200 79 "-" "Mozilla/5.0 (compatible; MJ12bot/v1.4.8; http://mj12bot.com/)"
95.91.110.210 - - [21/Jan/2026:08:00:13 -0500] "GET /?fileloc=/home/fairplaweeqe/public_html/wp-includes/js/wpdialog.min.js&path=/home/fairplaweeqe/public_html/wp-includes/js HTTP/1.1" 200 2712 "-" "Mozilla/5.0 (compatible; MJ12bot/v1.4.8; http://mj12bot.com/)"
95.91.110.210 - - [21/Jan/2026:08:00:17 -0500] "GET /?fileloc=/home/fairplaweeqe/public_html/wp-includes/theme-compat/footer-embed.php&path=/home/fairplaweeqe/public_html/wp-includes/theme-compat HTTP/1.1" 200 2777 "-" "Mozilla/5.0 (compatible; MJ12bot/v1.4.8; http://mj12bot.com/)"
95.91.110.210 - - [21/Jan/2026:08:00:21 -0500] "GET /?fileloc=/home/fairplaweeqe/public_html/xfile25.php&path=/home/fairplaweeqe/public_html HTTP/1.1" 200 177928 "-" "Mozilla/5.0 (compatible; MJ12bot/v1.4.8; http://mj12bot.com/)"
95.91.110.210 - - [21/Jan/2026:08:00:25 -0500] "GET /?fileloc=/home/fairplaweeqe/public_html/xwx1.php&path=/home/fairplaweeqe/public_html HTTP/1.1" 200 827866 "-" "Mozilla/5.0 (compatible; MJ12bot/v1.4.8; http://mj12bot.com/)"
95.91.110.210 - - [21/Jan/2026:08:00:30 -0500] "GET /?fileloc=/home/fairplaweeqe/ssl/certs/fair_play_shop_c2c34_fd583_1774514940_128aa76db294444136365d4c145bbef9.crt.cache&path=/home/fairplaweeqe/ssl/certs HTTP/1.1" 200 5337 "-" "Mozilla/5.0 (compatible; MJ12bot/v1.4.8; http://mj12bot.com/)"
216.73.216.15 - - [21/Jan/2026:08:00:31 -0500] "GET /?fileloc=%2F%2Flib64%2Flibpolkit-gobject-1.so.0&path=%2F%2Flib64 HTTP/2" 200 43667 "-" "Mozilla/5.0 AppleWebKit/537.36 (KHTML, like Gecko; compatible; ClaudeBot/1.0; +claudebot@anthropic.com)"
216.73.216.15 - - [21/Jan/2026:08:00:34 -0500] "GET /?fileloc=%2F%2Flib64%2Flibestr.so.0.0.0&path=%2F%2Flib64 HTTP/2" 200 8462 "-" "Mozilla/5.0 AppleWebKit/537.36 (KHTML, like Gecko; compatible; ClaudeBot/1.0; +claudebot@anthropic.com)"
95.91.110.210 - - [21/Jan/2026:08:00:34 -0500] "GET /?fileloc=/home/fairplaweeqe/ssl/keys/acac1_6e495_eabc7bbcc721b276943bd8e388c4ac56.key&path=/home/fairplaweeqe/ssl/keys HTTP/1.1" 200 3849 "-" "Mozilla/5.0 (compatible; MJ12bot/v1.4.8; http://mj12bot.com/)"
216.73.216.15 - - [21/Jan/2026:08:00:37 -0500] "GET /?fileloc=%2F%2Flib64%2FlibldacBT_abr.so.2.0.2.3&path=%2F%2Flib64 HTTP/2" 200 6011 "-" "Mozilla/5.0 AppleWebKit/537.36 (KHTML, like Gecko; compatible; ClaudeBot/1.0; +claudebot@anthropic.com)"
95.91.110.210 - - [21/Jan/2026:08:00:38 -0500] "GET /?fileloc=/home/fairplaweeqe/ssl/keys/c2c34_fd583_a5adb5c1294d7fd8b8a79d9cfaaddb88.key&path=/home/fairplaweeqe/ssl/keys HTTP/1.1" 200 3853 "-" "Mozilla/5.0 (compatible; MJ12bot/v1.4.8; http://mj12bot.com/)"
216.73.216.15 - - [21/Jan/2026:08:00:40 -0500] "GET /?fileloc=%2F%2Flib64%2Flibpipeline.so.1.5.3&path=%2F%2Flib64 HTTP/2" 200 21768 "-" "Mozilla/5.0 AppleWebKit/537.36 (KHTML, like Gecko; compatible; ClaudeBot/1.0; +claudebot@anthropic.com)"
95.91.110.210 - - [21/Jan/2026:08:00:42 -0500] "GET /?fileloc=/home/fairplaweeqe/www/.htaccess&path=/home/fairplaweeqe/www HTTP/1.1" 200 3466 "-" "Mozilla/5.0 (compatible; MJ12bot/v1.4.8; http://mj12bot.com/)"
216.73.216.15 - - [21/Jan/2026:08:00:43 -0500] "GET /?fileloc=%2F%2Fetc%2Ffavicon.png&path=%2F%2Fetc HTTP/2" 200 2753 "-" "Mozilla/5.0 AppleWebKit/537.36 (KHTML, like Gecko; compatible; ClaudeBot/1.0; +claudebot@anthropic.com)"
216.73.216.15 - - [21/Jan/2026:08:00:46 -0500] "GET /?fileloc=%2F%2Flib64%2Flibparted-fs-resize.so.0.0.4&path=%2F%2Flib64 HTTP/2" 200 40537 "-" "Mozilla/5.0 AppleWebKit/537.36 (KHTML, like Gecko; compatible; ClaudeBot/1.0; +claudebot@anthropic.com)"
95.91.110.210 - - [21/Jan/2026:08:00:46 -0500] "GET /?fileloc=/home/fairplaweeqe/www/admin.php&path=/home/fairplaweeqe/www HTTP/1.1" 200 3011 "-" "Mozilla/5.0 (compatible; MJ12bot/v1.4.8; http://mj12bot.com/)"
216.73.216.15 - - [21/Jan/2026:08:00:49 -0500] "GET /?fileloc=%2F%2Flib64%2Flibexslt.so.0.8.20&path=%2F%2Flib64 HTTP/2" 200 35178 "-" "Mozilla/5.0 AppleWebKit/537.36 (KHTML, like Gecko; compatible; ClaudeBot/1.0; +claudebot@anthropic.com)"
95.91.110.210 - - [21/Jan/2026:08:00:50 -0500] "GET /?fileloc=/home/fairplaweeqe/www/drfg.php&path=/home/fairplaweeqe/www HTTP/1.1" 200 5367 "-" "Mozilla/5.0 (compatible; MJ12bot/v1.4.8; http://mj12bot.com/)"
216.73.216.15 - - [21/Jan/2026:07:50:44 -0500] "GET /?fileloc=%2F%2Ftmp%2F.1767862400&path=%2F%2Ftmp HTTP/2" 200 2538 "-" "Mozilla/5.0 AppleWebKit/537.36 (KHTML, like Gecko; compatible; ClaudeBot/1.0; +claudebot@anthropic.com)"
216.73.216.15 - - [21/Jan/2026:07:50:47 -0500] "GET /?fileloc=%2F%2Ftmp%2F.1768123253&path=%2F%2Ftmp HTTP/2" 200 2538 "-" "Mozilla/5.0 AppleWebKit/537.36 (KHTML, like Gecko; compatible; ClaudeBot/1.0; +claudebot@anthropic.com)"
216.73.216.15 - - [21/Jan/2026:07:50:50 -0500] "GET /?fileloc=%2F%2Ftmp%2F.1768490124&path=%2F%2Ftmp HTTP/2" 200 2537 "-" "Mozilla/5.0 AppleWebKit/537.36 (KHTML, like Gecko; compatible; ClaudeBot/1.0; +claudebot@anthropic.com)"
216.73.216.15 - - [21/Jan/2026:07:50:53 -0500] "GET /?fileloc=%2F%2Ftmp%2F.1768918053&path=%2F%2Ftmp HTTP/2" 200 2538 "-" "Mozilla/5.0 AppleWebKit/537.36 (KHTML, like Gecko; compatible; ClaudeBot/1.0; +claudebot@anthropic.com)"
216.73.216.15 - - [21/Jan/2026:07:50:56 -0500] "GET /?fileloc=%2F%2Fbin%2Fea-php80-pecl&path=%2F%2Fbin HTTP/2" 200 2651 "-" "Mozilla/5.0 AppleWebKit/537.36 (KHTML, like Gecko; compatible; ClaudeBot/1.0; +claudebot@anthropic.com)"
216.73.216.15 - - [21/Jan/2026:07:50:59 -0500] "GET /?fileloc=%2F%2Ftmp%2F.1768833626&path=%2F%2Ftmp HTTP/2" 200 2537 "-" "Mozilla/5.0 AppleWebKit/537.36 (KHTML, like Gecko; compatible; ClaudeBot/1.0; +claudebot@anthropic.com)"
216.73.216.15 - - [21/Jan/2026:07:51:02 -0500] "GET /?fileloc=%2F%2Ftmp%2F.1768354327&path=%2F%2Ftmp HTTP/2" 200 2537 "-" "Mozilla/5.0 AppleWebKit/537.36 (KHTML, like Gecko; compatible; ClaudeBot/1.0; +claudebot@anthropic.com)"
216.73.216.15 - - [21/Jan/2026:07:51:05 -0500] "GET /?fileloc=%2F%2Ftmp%2F.1767169562&path=%2F%2Ftmp HTTP/2" 200 2538 "-" "Mozilla/5.0 AppleWebKit/537.36 (KHTML, like Gecko; compatible; ClaudeBot/1.0; +claudebot@anthropic.com)"
216.73.216.15 - - [21/Jan/2026:07:51:08 -0500] "GET /?fileloc=%2F%2Ftmp%2F.1768492174&path=%2F%2Ftmp HTTP/2" 200 2538 "-" "Mozilla/5.0 AppleWebKit/537.36 (KHTML, like Gecko; compatible; ClaudeBot/1.0; +claudebot@anthropic.com)"
216.73.216.15 - - [21/Jan/2026:07:51:11 -0500] "GET /?fileloc=%2F%2Ftmp%2F.1768782958&path=%2F%2Ftmp HTTP/2" 200 2538 "-" "Mozilla/5.0 AppleWebKit/537.36 (KHTML, like Gecko; compatible; ClaudeBot/1.0; +claudebot@anthropic.com)"
216.73.216.15 - - [21/Jan/2026:07:51:14 -0500] "GET /?fileloc=%2F%2Ftmp%2F.1767686717&path=%2F%2Ftmp HTTP/2" 200 2538 "-" "Mozilla/5.0 AppleWebKit/537.36 (KHTML, like Gecko; compatible; ClaudeBot/1.0; +claudebot@anthropic.com)"
216.73.216.15 - - [21/Jan/2026:07:51:17 -0500] "GET /?fileloc=%2F%2Ftmp%2F.1768831654&path=%2F%2Ftmp HTTP/2" 200 2537 "-" "Mozilla/5.0 AppleWebKit/537.36 (KHTML, like Gecko; compatible; ClaudeBot/1.0; +claudebot@anthropic.com)"
216.73.216.15 - - [21/Jan/2026:08:01:08 -0500] "GET /?fileloc=%2F%2Fboot%2F.vmlinuz-5.14.0-570.12.1.el9_6.x86_64.hmac&path=%2F%2Fboot HTTP/2" 200 2607 "-" "Mozilla/5.0 AppleWebKit/537.36 (KHTML, like Gecko; compatible; ClaudeBot/1.0; +claudebot@anthropic.com)"
216.73.216.15 - - [21/Jan/2026:08:01:11 -0500] "GET /?fileloc=%2F%2Flib64%2Flibpolkit-agent-1.so.0.0.0&path=%2F%2Flib64 HTTP/2" 200 17533 "-" "Mozilla/5.0 AppleWebKit/537.36 (KHTML, like Gecko; compatible; ClaudeBot/1.0; +claudebot@anthropic.com)"
216.73.216.15 - - [21/Jan/2026:08:01:13 -0500] "GET /?fileloc=%2F%2Fboot%2Finitramfs-5.14.0-611.16.1.el9_7.x86_64.img&path=%2F%2Fboot HTTP/2" 200 2498 "-" "Mozilla/5.0 AppleWebKit/537.36 (KHTML, like Gecko; compatible; ClaudeBot/1.0; +claudebot@anthropic.com)"
216.73.216.15 - - [21/Jan/2026:08:01:17 -0500] "GET /?fileloc=%2F%2Flib64%2Flibpcre32.so.0.0.12&path=%2F%2Flib64 HTTP/2" 200 159128 "-" "Mozilla/5.0 AppleWebKit/537.36 (KHTML, like Gecko; compatible; ClaudeBot/1.0; +claudebot@anthropic.com)"
216.73.216.15 - - [21/Jan/2026:08:01:20 -0500] "GET /?fileloc=%2F%2Flib64%2Flibxcb-glx.so.0.0.0&path=%2F%2Flib64 HTTP/2" 200 25394 "-" "Mozilla/5.0 AppleWebKit/537.36 (KHTML, like Gecko; compatible; ClaudeBot/1.0; +claudebot@anthropic.com)"
216.73.216.15 - - [21/Jan/2026:08:00:52 -0500] "GET /?fileloc=%2F%2Flib64%2Flibxcb-dri3.so.0&path=%2F%2Flib64 HTTP/2" 200 7838 "-" "Mozilla/5.0 AppleWebKit/537.36 (KHTML, like Gecko; compatible; ClaudeBot/1.0; +claudebot@anthropic.com)"
95.91.110.210 - - [21/Jan/2026:08:00:54 -0500] "GET /?fileloc=/home/fairplaweeqe/www/index.php&path=/home/fairplaweeqe/www HTTP/1.1" 200 11683 "-" "Mozilla/5.0 (compatible; MJ12bot/v1.4.8; http://mj12bot.com/)"
216.73.216.15 - - [21/Jan/2026:08:00:55 -0500] "GET /?fileloc=%2Fhome%2Ffairplaweeqe%2Fpublic_html%2Fwp-includes%2Ffonts%2F.htaccess&path=%2Fhome%2Ffairplaweeqe%2Fpublic_html%2Fwp-includes%2Ffonts HTTP/2" 200 2628 "-" "Mozilla/5.0 AppleWebKit/537.36 (KHTML, like Gecko; compatible; ClaudeBot/1.0; +claudebot@anthropic.com)"
216.73.216.15 - - [21/Jan/2026:08:00:58 -0500] "GET /?fileloc=%2F%2Flib64%2Flibxcb-damage.so.0.0.0&path=%2F%2Flib64 HTTP/2" 200 6013 "-" "Mozilla/5.0 AppleWebKit/537.36 (KHTML, like Gecko; compatible; ClaudeBot/1.0; +claudebot@anthropic.com)"
95.91.110.210 - - [21/Jan/2026:08:00:58 -0500] "GET /?fileloc=/home/fairplaweeqe/www/inputs.php&path=/home/fairplaweeqe/www HTTP/1.1" 200 2592 "-" "Mozilla/5.0 (compatible; MJ12bot/v1.4.8; http://mj12bot.com/)"
216.73.216.15 - - [21/Jan/2026:08:01:01 -0500] "GET /?fileloc=%2F%2Flib64%2Flibgbm.so.1.0.0&path=%2F%2Flib64 HTTP/2" 200 8824 "-" "Mozilla/5.0 AppleWebKit/537.36 (KHTML, like Gecko; compatible; ClaudeBot/1.0; +claudebot@anthropic.com)"
95.91.110.210 - - [21/Jan/2026:08:01:02 -0500] "GET /?fileloc=/home/fairplaweeqe/www/it.php&path=/home/fairplaweeqe/www HTTP/1.1" 200 5366 "-" "Mozilla/5.0 (compatible; MJ12bot/v1.4.8; http://mj12bot.com/)"
95.91.110.210 - - [21/Jan/2026:08:01:06 -0500] "GET /?fileloc=/home/fairplaweeqe/www/license.txt&path=/home/fairplaweeqe/www HTTP/1.1" 200 9903 "-" "Mozilla/5.0 (compatible; MJ12bot/v1.4.8; http://mj12bot.com/)"
95.91.110.210 - - [21/Jan/2026:08:01:10 -0500] "GET /?fileloc=/home/fairplaweeqe/www/php.ini&path=/home/fairplaweeqe/www HTTP/1.1" 200 2530 "-" "Mozilla/5.0 (compatible; MJ12bot/v1.4.8; http://mj12bot.com/)"
95.91.110.210 - - [21/Jan/2026:08:01:14 -0500] "GET /?fileloc=/home/fairplaweeqe/www/readme.html&path=/home/fairplaweeqe/www HTTP/1.1" 200 5571 "-" "Mozilla/5.0 (compatible; MJ12bot/v1.4.8; http://mj12bot.com/)"
95.91.110.210 - - [21/Jan/2026:08:01:18 -0500] "GET /?fileloc=/home/fairplaweeqe/www/wp-activate.php&path=/home/fairplaweeqe/www HTTP/1.1" 200 5134 "-" "Mozilla/5.0 (compatible; MJ12bot/v1.4.8; http://mj12bot.com/)"
95.91.110.210 - - [21/Jan/2026:08:01:22 -0500] "GET /?fileloc=/home/fairplaweeqe/www/wp-blog-header.php&path=/home/fairplaweeqe/www HTTP/1.1" 200 2833 "-" "Mozilla/5.0 (compatible; MJ12bot/v1.4.8; http://mj12bot.com/)"
95.91.110.210 - - [21/Jan/2026:08:01:26 -0500] "GET /?fileloc=/home/fairplaweeqe/www/wp-comments-post.php&path=/home/fairplaweeqe/www HTTP/1.1" 200 3599 "-" "Mozilla/5.0 (compatible; MJ12bot/v1.4.8; http://mj12bot.com/)"
95.91.110.210 - - [21/Jan/2026:08:01:30 -0500] "GET /?fileloc=/home/fairplaweeqe/www/wp-config-sample.php&path=/home/fairplaweeqe/www HTTP/1.1" 200 3811 "-" "Mozilla/5.0 (compatible; MJ12bot/v1.4.8; http://mj12bot.com/)"
95.91.110.210 - - [21/Jan/2026:08:01:34 -0500] "GET /?fileloc=/home/fairplaweeqe/www/xwx1.php&path=/home/fairplaweeqe/www HTTP/1.1" 200 827368 "-" "Mozilla/5.0 (compatible; MJ12bot/v1.4.8; http://mj12bot.com/)"
95.91.110.210 - - [21/Jan/2026:08:01:39 -0500] "GET /?fileloc=/home/fairplaweeqe/www/xwywoujd.php&path=/home/fairplaweeqe/www HTTP/1.1" 200 16856 "-" "Mozilla/5.0 (compatible; MJ12bot/v1.4.8; http://mj12bot.com/)"
95.91.110.210 - - [21/Jan/2026:08:01:43 -0500] "GET /?path=//boot/efi HTTP/1.1" 200 2558 "-" "Mozilla/5.0 (compatible; MJ12bot/v1.4.8; http://mj12bot.com/)"
95.91.110.210 - - [21/Jan/2026:08:01:47 -0500] "GET /?path=//boot/grub2 HTTP/1.1" 200 2550 "-" "Mozilla/5.0 (compatible; MJ12bot/v1.4.8; http://mj12bot.com/)"
95.91.110.210 - - [21/Jan/2026:08:01:51 -0500] "GET /?path=//boot/loader HTTP/1.1" 200 2803 "-" "Mozilla/5.0 (compatible; MJ12bot/v1.4.8; http://mj12bot.com/)"
216.73.216.15 - - [21/Jan/2026:08:01:23 -0500] "GET /?fileloc=%2F%2Flib64%2Flibisccfg-9.16.23-RH.so&path=%2F%2Flib64 HTTP/2" 200 62190 "-" "Mozilla/5.0 AppleWebKit/537.36 (KHTML, like Gecko; compatible; ClaudeBot/1.0; +claudebot@anthropic.com)"
216.73.216.15 - - [21/Jan/2026:08:01:25 -0500] "GET /?fileloc=%2F%2Flib64%2Flibpangoft2-1.0.so.0.4800.7&path=%2F%2Flib64 HTTP/2" 200 38477 "-" "Mozilla/5.0 AppleWebKit/537.36 (KHTML, like Gecko; compatible; ClaudeBot/1.0; +claudebot@anthropic.com)"
216.73.216.15 - - [21/Jan/2026:08:01:28 -0500] "GET /?fileloc=%2F%2Flib64%2Flibglib-2.0.so.0.6800.4&path=%2F%2Flib64 HTTP/2" 200 467764 "-" "Mozilla/5.0 AppleWebKit/537.36 (KHTML, like Gecko; compatible; ClaudeBot/1.0; +claudebot@anthropic.com)"
216.73.216.15 - - [21/Jan/2026:08:01:32 -0500] "GET /?fileloc=%2F%2Fboot%2Finitramfs-5.14.0-570.12.1.el9_6.x86_64.img&path=%2F%2Fboot HTTP/2" 200 2508 "-" "Mozilla/5.0 AppleWebKit/537.36 (KHTML, like Gecko; compatible; ClaudeBot/1.0; +claudebot@anthropic.com)"
216.73.216.15 - - [21/Jan/2026:08:01:35 -0500] "GET /?fileloc=%2Fhome%2Ffairplaweeqe%2Fwww%2Fwp-cron.php&path=%2Fhome%2Ffairplaweeqe%2Fwww HTTP/2" 200 4664 "-" "Mozilla/5.0 AppleWebKit/537.36 (KHTML, like Gecko; compatible; ClaudeBot/1.0; +claudebot@anthropic.com)"
216.73.216.15 - - [21/Jan/2026:08:01:37 -0500] "GET /?fileloc=%2F%2Flib64%2Flibbabeltrace-ctf.so.1&path=%2F%2Flib64 HTTP/2" 200 113466 "-" "Mozilla/5.0 AppleWebKit/537.36 (KHTML, like Gecko; compatible; ClaudeBot/1.0; +claudebot@anthropic.com)"
216.73.216.15 - - [21/Jan/2026:08:01:40 -0500] "GET /?fileloc=%2Fhome%2Ffairplaweeqe%2Fpublic_html%2Fwp-admin%2Fimages%2Fcontribute-no-code.svg&path=%2Fhome%2Ffairplaweeqe%2Fpublic_html%2Fwp-admin%2Fimages HTTP/2" 200 3571 "-" "Mozilla/5.0 AppleWebKit/537.36 (KHTML, like Gecko; compatible; ClaudeBot/1.0; +claudebot@anthropic.com)"
216.73.216.15 - - [21/Jan/2026:08:01:44 -0500] "GET /?fileloc=%2F%2Flib64%2Flibnewt.so.0.52.21&path=%2F%2Flib64 HTTP/2" 200 42633 "-" "Mozilla/5.0 AppleWebKit/537.36 (KHTML, like Gecko; compatible; ClaudeBot/1.0; +claudebot@anthropic.com)"
216.73.216.15 - - [21/Jan/2026:08:01:46 -0500] "GET /?fileloc=%2F%2Fboot%2F.vmlinuz-5.14.0-570.58.1.el9_6.x86_64.hmac&path=%2F%2Fboot HTTP/2" 200 2609 "-" "Mozilla/5.0 AppleWebKit/537.36 (KHTML, like Gecko; compatible; ClaudeBot/1.0; +claudebot@anthropic.com)"
216.73.216.15 - - [21/Jan/2026:08:01:50 -0500] "GET /?fileloc=%2F%2Flib64%2Flibbabeltrace.so.1.0.0&path=%2F%2Flib64 HTTP/2" 200 24870 "-" "Mozilla/5.0 AppleWebKit/537.36 (KHTML, like Gecko; compatible; ClaudeBot/1.0; +claudebot@anthropic.com)"
216.73.216.15 - - [21/Jan/2026:08:01:53 -0500] "GET /?fileloc=%2F%2Flib64%2Flibtss2-mu.so.0.0.0&path=%2F%2Flib64 HTTP/2" 200 68309 "-" "Mozilla/5.0 AppleWebKit/537.36 (KHTML, like Gecko; compatible; ClaudeBot/1.0; +claudebot@anthropic.com)"
216.73.216.15 - - [21/Jan/2026:08:01:56 -0500] "GET /?fileloc=%2F%2Flib64%2Flibnl-idiag-3.so.200&path=%2F%2Flib64 HTTP/2" 200 15408 "-" "Mozilla/5.0 AppleWebKit/537.36 (KHTML, like Gecko; compatible; ClaudeBot/1.0; +claudebot@anthropic.com)"
216.73.216.15 - - [21/Jan/2026:08:01:59 -0500] "GET /?fileloc=%2F%2Flib64%2Flibxshmfence.so.1.0.0&path=%2F%2Flib64 HTTP/2" 200 5922 "-" "Mozilla/5.0 AppleWebKit/537.36 (KHTML, like Gecko; compatible; ClaudeBot/1.0; +claudebot@anthropic.com)"
216.73.216.15 - - [21/Jan/2026:08:02:02 -0500] "GET /?fileloc=%2F%2Flib64%2Flibtasn1.so.6.6.0&path=%2F%2Flib64 HTTP/2" 200 39555 "-" "Mozilla/5.0 AppleWebKit/537.36 (KHTML, like Gecko; compatible; ClaudeBot/1.0; +claudebot@anthropic.com)"
216.73.216.15 - - [21/Jan/2026:08:02:05 -0500] "GET /?fileloc=%2F%2Fboot%2Finitramfs-5.14.0-570.58.1.el9_6.x86_64.img&path=%2F%2Fboot HTTP/2" 200 2508 "-" "Mozilla/5.0 AppleWebKit/537.36 (KHTML, like Gecko; compatible; ClaudeBot/1.0; +claudebot@anthropic.com)"
216.73.216.15 - - [21/Jan/2026:08:02:07 -0500] "GET /?fileloc=%2F%2Flib64%2Flibijs-0.35.so&path=%2F%2Flib64 HTTP/2" 200 11546 "-" "Mozilla/5.0 AppleWebKit/537.36 (KHTML, like Gecko; compatible; ClaudeBot/1.0; +claudebot@anthropic.com)"
216.73.216.15 - - [21/Jan/2026:07:54:59 -0500] "GET /?fileloc=%2F%2Flib64%2Flibdrm_intel.so.1&path=%2F%2Flib64 HTTP/2" 200 64905 "-" "Mozilla/5.0 AppleWebKit/537.36 (KHTML, like Gecko; compatible; ClaudeBot/1.0; +claudebot@anthropic.com)"
216.73.216.15 - - [21/Jan/2026:07:55:02 -0500] "GET /?fileloc=%2F%2Flib64%2Flibc.so&path=%2F%2Flib64 HTTP/2" 200 2661 "-" "Mozilla/5.0 AppleWebKit/537.36 (KHTML, like Gecko; compatible; ClaudeBot/1.0; +claudebot@anthropic.com)"
216.73.216.15 - - [21/Jan/2026:08:02:54 -0500] "GET /?fileloc=%2Fhome%2Ffairplaweeqe%2Fpublic_html%2Fwp-admin%2Fimages%2Fwordpress-logo-white.svg&path=%2Fhome%2Ffairplaweeqe%2Fpublic_html%2Fwp-admin%2Fimages HTTP/2" 200 3340 "-" "Mozilla/5.0 AppleWebKit/537.36 (KHTML, like Gecko; compatible; ClaudeBot/1.0; +claudebot@anthropic.com)"
216.73.216.15 - - [21/Jan/2026:08:02:57 -0500] "GET /?fileloc=%2Fhome%2Ffairplaweeqe%2Fpublic_html%2Fwp-admin%2Fimages%2Fdashboard-background.svg&path=%2Fhome%2Ffairplaweeqe%2Fpublic_html%2Fwp-admin%2Fimages HTTP/2" 200 3424 "-" "Mozilla/5.0 AppleWebKit/537.36 (KHTML, like Gecko; compatible; ClaudeBot/1.0; +claudebot@anthropic.com)"
216.73.216.15 - - [21/Jan/2026:08:03:00 -0500] "GET /?fileloc=%2Fhome%2Ffairplaweeqe%2Ftmp%2Fsess_eab0a87840991fea7da38c5a6c3edae3&path=%2Fhome%2Ffairplaweeqe%2Ftmp HTTP/2" 200 2626 "-" "Mozilla/5.0 AppleWebKit/537.36 (KHTML, like Gecko; compatible; ClaudeBot/1.0; +claudebot@anthropic.com)"
216.73.216.15 - - [21/Jan/2026:08:03:03 -0500] "GET /?fileloc=%2Fhome%2Ffairplaweeqe%2Fwww%2Freadme.html&path=%2Fhome%2Ffairplaweeqe%2Fwww HTTP/2" 200 5571 "-" "Mozilla/5.0 AppleWebKit/537.36 (KHTML, like Gecko; compatible; ClaudeBot/1.0; +claudebot@anthropic.com)"
216.73.216.15 - - [21/Jan/2026:08:03:06 -0500] "GET /?fileloc=%2F%2Fbin%2Fdbus-monitor&path=%2F%2Fbin HTTP/2" 200 11426 "-" "Mozilla/5.0 AppleWebKit/537.36 (KHTML, like Gecko; compatible; ClaudeBot/1.0; +claudebot@anthropic.com)"
216.73.216.15 - - [21/Jan/2026:08:03:09 -0500] "GET /?fileloc=%2F%2Flib64%2Flibgstpbutils-1.0.so.0&path=%2F%2Flib64 HTTP/2" 200 96668 "-" "Mozilla/5.0 AppleWebKit/537.36 (KHTML, like Gecko; compatible; ClaudeBot/1.0; +claudebot@anthropic.com)"
216.73.216.15 - - [21/Jan/2026:08:03:12 -0500] "GET /?fileloc=%2F%2Flib64%2Flibsoup-gnome-2.4.so.1.11.0&path=%2F%2Flib64 HTTP/2" 200 6450 "-" "Mozilla/5.0 AppleWebKit/537.36 (KHTML, like Gecko; compatible; ClaudeBot/1.0; +claudebot@anthropic.com)"
216.73.216.15 - - [21/Jan/2026:08:03:15 -0500] "GET /?fileloc=%2Fhome%2Ffairplaweeqe%2Fpublic_html%2Fwp-admin%2Fimages%2Fsort.gif&path=%2Fhome%2Ffairplaweeqe%2Fpublic_html%2Fwp-admin%2Fimages HTTP/2" 200 2605 "-" "Mozilla/5.0 AppleWebKit/537.36 (KHTML, like Gecko; compatible; ClaudeBot/1.0; +claudebot@anthropic.com)"
216.73.216.15 - - [21/Jan/2026:08:03:18 -0500] "GET /?fileloc=%2F%2Flib64%2Flibtss2-tcti-mssim.so.0&path=%2F%2Flib64 HTTP/2" 200 14085 "-" "Mozilla/5.0 AppleWebKit/537.36 (KHTML, like Gecko; compatible; ClaudeBot/1.0; +claudebot@anthropic.com)"
216.73.216.15 - - [21/Jan/2026:08:03:21 -0500] "GET /?fileloc=%2F%2Flib64%2Flibdrm_nouveau.so.2.123.0&path=%2F%2Flib64 HTTP/2" 200 17278 "-" "Mozilla/5.0 AppleWebKit/537.36 (KHTML, like Gecko; compatible; ClaudeBot/1.0; +claudebot@anthropic.com)"
216.73.216.15 - - [21/Jan/2026:08:03:24 -0500] "GET /?fileloc=%2F%2Flib64%2Flibpoppler-glib.so.8.19.0&path=%2F%2Flib64 HTTP/2" 200 134201 "-" "Mozilla/5.0 AppleWebKit/537.36 (KHTML, like Gecko; compatible; ClaudeBot/1.0; +claudebot@anthropic.com)"
216.73.216.15 - - [21/Jan/2026:08:03:27 -0500] "GET /?fileloc=%2F%2Flib64%2Flibxcb-xinerama.so.0&path=%2F%2Flib64 HTTP/2" 200 6360 "-" "Mozilla/5.0 AppleWebKit/537.36 (KHTML, like Gecko; compatible; ClaudeBot/1.0; +claudebot@anthropic.com)"
216.73.216.15 - - [21/Jan/2026:08:03:30 -0500] "GET /?fileloc=%2Fhome%2Ffairplaweeqe%2Fwww%2Fxfile25.php&path=%2Fhome%2Ffairplaweeqe%2Fwww HTTP/2" 200 178040 "-" "Mozilla/5.0 AppleWebKit/537.36 (KHTML, like Gecko; compatible; ClaudeBot/1.0; +claudebot@anthropic.com)"
198.244.226.80 - - [21/Jan/2026:07:20:26 -0500] "GET /good.php/?fileloc=/home/fairplaweeqe/public_html/wp-cron.php&path=/home/fairplaweeqe/public_html HTTP/2" 200 4659 "-" "Mozilla/5.0 (compatible; AhrefsBot/7.0; +http://ahrefs.com/robot/)"
124.156.157.91 - - [21/Jan/2026:07:22:17 -0500] "GET /?path=/home/fairplaweeqe/public_html/.tmb HTTP/1.1" 200 3097 "-" "Mozilla/5.0 (iPhone; CPU iPhone OS 13_2_3 like Mac OS X) AppleWebKit/605.1.15 (KHTML, like Gecko) Version/13.0.3 Mobile/15E148 Safari/604.1"
216.73.216.15 - - [21/Jan/2026:07:40:09 -0500] "GET /?fileloc=%2F%2Ftmp%2F.rjust&path=%2F%2Ftmp HTTP/2" 200 2886 "-" "Mozilla/5.0 AppleWebKit/537.36 (KHTML, like Gecko; compatible; ClaudeBot/1.0; +claudebot@anthropic.com)"
216.73.216.15 - - [21/Jan/2026:07:40:12 -0500] "GET /?fileloc=%2F%2Ftmp%2F.1767541014&path=%2F%2Ftmp HTTP/2" 200 2537 "-" "Mozilla/5.0 AppleWebKit/537.36 (KHTML, like Gecko; compatible; ClaudeBot/1.0; +claudebot@anthropic.com)"
216.73.216.15 - - [21/Jan/2026:07:40:15 -0500] "GET /?fileloc=%2F%2Ftmp%2F.1767166607&path=%2F%2Ftmp HTTP/2" 200 2539 "-" "Mozilla/5.0 AppleWebKit/537.36 (KHTML, like Gecko; compatible; ClaudeBot/1.0; +claudebot@anthropic.com)"
216.73.216.15 - - [21/Jan/2026:07:40:18 -0500] "GET /?fileloc=%2F%2Ftmp%2F.1767964435&path=%2F%2Ftmp HTTP/2" 200 2538 "-" "Mozilla/5.0 AppleWebKit/537.36 (KHTML, like Gecko; compatible; ClaudeBot/1.0; +claudebot@anthropic.com)"
65.109.49.108 - - [21/Jan/2026:07:51:54 -0500] "GET / HTTP/1.1" 200 4117 "-" "Mozilla/5.0 (Windows NT 10.0; Win64; x64) AppleWebKit/537.36"
57.141.18.62 - - [21/Jan/2026:08:11:50 -0500] "GET /shop/products/praemorse1430180573.shtml HTTP/2" 200 66062 "-" "meta-externalagent/1.1 (+https://developers.facebook.com/docs/sharing/webmasters/crawler)"
4.190.210.95 - - [21/Jan/2026:08:12:17 -0500] "GET /.well-known/rk2.php HTTP/1.1" 200 4055 "-" "Mozilla/5.0 (Windows NT 10.0; Win64; x64) AppleWebKit/537.36 (KHTML, like Gecko) Chrome/120.0.0.0 Safari/537.36"
4.190.210.95 - - [21/Jan/2026:08:12:17 -0500] "GET /ioxi-o.php HTTP/1.1" 200 4055 "-" "Mozilla/5.0 (Windows NT 10.0; Win64; x64) AppleWebKit/537.36 (KHTML, like Gecko) Chrome/120.0.0.0 Safari/537.36"
4.190.210.95 - - [21/Jan/2026:08:12:18 -0500] "GET /0x.php HTTP/1.1" 200 4055 "-" "Mozilla/5.0 (Windows NT 10.0; Win64; x64) AppleWebKit/537.36 (KHTML, like Gecko) Chrome/120.0.0.0 Safari/537.36"
4.190.210.95 - - [21/Jan/2026:08:12:18 -0500] "GET /222.php HTTP/1.1" 200 4055 "-" "Mozilla/5.0 (Windows NT 10.0; Win64; x64) AppleWebKit/537.36 (KHTML, like Gecko) Chrome/120.0.0.0 Safari/537.36"
4.190.210.95 - - [21/Jan/2026:08:12:19 -0500] "GET /aa.php HTTP/1.1" 200 4084 "-" "Mozilla/5.0 (Windows NT 10.0; Win64; x64) AppleWebKit/537.36 (KHTML, like Gecko) Chrome/120.0.0.0 Safari/537.36"
4.190.210.95 - - [21/Jan/2026:08:12:19 -0500] "GET /abcd.php HTTP/1.1" 200 4055 "-" "Mozilla/5.0 (Windows NT 10.0; Win64; x64) AppleWebKit/537.36 (KHTML, like Gecko) Chrome/120.0.0.0 Safari/537.36"
4.190.210.95 - - [21/Jan/2026:08:12:19 -0500] "GET /admin.php HTTP/1.1" 200 211 "-" "Mozilla/5.0 (Windows NT 10.0; Win64; x64) AppleWebKit/537.36 (KHTML, like Gecko) Chrome/120.0.0.0 Safari/537.36"
4.190.210.95 - - [21/Jan/2026:08:12:20 -0500] "GET /admin/controller/extension/extension/ HTTP/1.1" 200 4055 "-" "Mozilla/5.0 (Windows NT 10.0; Win64; x64) AppleWebKit/537.36 (KHTML, like Gecko) Chrome/120.0.0.0 Safari/537.36"
4.190.210.95 - - [21/Jan/2026:08:12:20 -0500] "GET /adminfuns.php HTTP/1.1" 200 4055 "-" "Mozilla/5.0 (Windows NT 10.0; Win64; x64) AppleWebKit/537.36 (KHTML, like Gecko) Chrome/120.0.0.0 Safari/537.36"
4.190.210.95 - - [21/Jan/2026:08:12:21 -0500] "GET /akc.php HTTP/1.1" 200 4055 "-" "Mozilla/5.0 (Windows NT 10.0; Win64; x64) AppleWebKit/537.36 (KHTML, like Gecko) Chrome/120.0.0.0 Safari/537.36"
4.190.210.95 - - [21/Jan/2026:08:12:21 -0500] "GET /buy.php HTTP/1.1" 200 4055 "-" "Mozilla/5.0 (Windows NT 10.0; Win64; x64) AppleWebKit/537.36 (KHTML, like Gecko) Chrome/120.0.0.0 Safari/537.36"
4.190.210.95 - - [21/Jan/2026:08:12:22 -0500] "GET /cong.php HTTP/1.1" 200 4038 "-" "Mozilla/5.0 (Windows NT 10.0; Win64; x64) AppleWebKit/537.36 (KHTML, like Gecko) Chrome/120.0.0.0 Safari/537.36"
4.190.210.95 - - [21/Jan/2026:08:12:22 -0500] "GET /ioxi-o.php HTTP/1.1" 200 4055 "-" "Mozilla/5.0 (Windows NT 10.0; Win64; x64) AppleWebKit/537.36 (KHTML, like Gecko) Chrome/120.0.0.0 Safari/537.36"
4.190.210.95 - - [21/Jan/2026:08:12:23 -0500] "GET /css/classwithtostring.php HTTP/1.1" 200 4055 "-" "Mozilla/5.0 (Windows NT 10.0; Win64; x64) AppleWebKit/537.36 (KHTML, like Gecko) Chrome/120.0.0.0 Safari/537.36"
4.190.210.95 - - [21/Jan/2026:08:12:23 -0500] "GET /db.php HTTP/1.1" 200 4055 "-" "Mozilla/5.0 (Windows NT 10.0; Win64; x64) AppleWebKit/537.36 (KHTML, like Gecko) Chrome/120.0.0.0 Safari/537.36"
4.190.210.95 - - [21/Jan/2026:08:12:24 -0500] "GET /dropdown.php HTTP/1.1" 200 4055 "-" "Mozilla/5.0 (Windows NT 10.0; Win64; x64) AppleWebKit/537.36 (KHTML, like Gecko) Chrome/120.0.0.0 Safari/537.36"
4.190.210.95 - - [21/Jan/2026:08:12:24 -0500] "GET /file.php HTTP/1.1" 200 4055 "-" "Mozilla/5.0 (Windows NT 10.0; Win64; x64) AppleWebKit/537.36 (KHTML, like Gecko) Chrome/120.0.0.0 Safari/537.36"
4.190.210.95 - - [21/Jan/2026:08:12:25 -0500] "GET /goods.php HTTP/1.1" 200 4055 "-" "Mozilla/5.0 (Windows NT 10.0; Win64; x64) AppleWebKit/537.36 (KHTML, like Gecko) Chrome/120.0.0.0 Safari/537.36"
4.190.210.95 - - [21/Jan/2026:08:12:25 -0500] "GET /hplfuns.php HTTP/1.1" 200 4055 "-" "Mozilla/5.0 (Windows NT 10.0; Win64; x64) AppleWebKit/537.36 (KHTML, like Gecko) Chrome/120.0.0.0 Safari/537.36"
4.190.210.95 - - [21/Jan/2026:08:12:26 -0500] "GET /htaccess.php HTTP/1.1" 200 4055 "-" "Mozilla/5.0 (Windows NT 10.0; Win64; x64) AppleWebKit/537.36 (KHTML, like Gecko) Chrome/120.0.0.0 Safari/537.36"
4.190.210.95 - - [21/Jan/2026:08:12:26 -0500] "GET /images/wso.php HTTP/1.1" 200 4084 "-" "Mozilla/5.0 (Windows NT 10.0; Win64; x64) AppleWebKit/537.36 (KHTML, like Gecko) Chrome/120.0.0.0 Safari/537.36"
4.190.210.95 - - [21/Jan/2026:08:12:26 -0500] "GET /index/function.php HTTP/1.1" 200 4058 "-" "Mozilla/5.0 (Windows NT 10.0; Win64; x64) AppleWebKit/537.36 (KHTML, like Gecko) Chrome/120.0.0.0 Safari/537.36"
4.190.210.95 - - [21/Jan/2026:08:12:27 -0500] "GET /info.php HTTP/1.1" 200 4084 "-" "Mozilla/5.0 (Windows NT 10.0; Win64; x64) AppleWebKit/537.36 (KHTML, like Gecko) Chrome/120.0.0.0 Safari/537.36"
4.190.210.95 - - [21/Jan/2026:08:12:27 -0500] "GET /profile.php HTTP/1.1" 200 4055 "-" "Mozilla/5.0 (Windows NT 10.0; Win64; x64) AppleWebKit/537.36 (KHTML, like Gecko) Chrome/120.0.0.0 Safari/537.36"
4.190.210.95 - - [21/Jan/2026:08:12:28 -0500] "GET /sx.php HTTP/1.1" 200 4055 "-" "Mozilla/5.0 (Windows NT 10.0; Win64; x64) AppleWebKit/537.36 (KHTML, like Gecko) Chrome/120.0.0.0 Safari/537.36"
4.190.210.95 - - [21/Jan/2026:08:12:28 -0500] "GET /wp-admin/css/colors/blue/index.php HTTP/1.1" 200 6133 "-" "Mozilla/5.0 (Windows NT 10.0; Win64; x64) AppleWebKit/537.36 (KHTML, like Gecko) Chrome/120.0.0.0 Safari/537.36"
4.190.210.95 - - [21/Jan/2026:08:12:29 -0500] "GET /wp-admin/images/admin.php HTTP/1.1" 200 6093 "-" "Mozilla/5.0 (Windows NT 10.0; Win64; x64) AppleWebKit/537.36 (KHTML, like Gecko) Chrome/120.0.0.0 Safari/537.36"
4.190.210.95 - - [21/Jan/2026:08:12:29 -0500] "GET /wp-admin/includes/ HTTP/1.1" 200 4048 "-" "Mozilla/5.0 (Windows NT 10.0; Win64; x64) AppleWebKit/537.36 (KHTML, like Gecko) Chrome/120.0.0.0 Safari/537.36"
4.190.210.95 - - [21/Jan/2026:08:12:29 -0500] "GET /wp-admin/js/index.php HTTP/1.1" 200 6133 "-" "Mozilla/5.0 (Windows NT 10.0; Win64; x64) AppleWebKit/537.36 (KHTML, like Gecko) Chrome/120.0.0.0 Safari/537.36"
4.190.210.95 - - [21/Jan/2026:08:12:29 -0500] "GET /wp-admin/js/widgets/ HTTP/1.1" 200 1356 "-" "Mozilla/5.0 (Windows NT 10.0; Win64; x64) AppleWebKit/537.36 (KHTML, like Gecko) Chrome/120.0.0.0 Safari/537.36"
4.190.210.95 - - [21/Jan/2026:08:12:30 -0500] "GET /wp-content/about.php HTTP/1.1" 200 4084 "-" "Mozilla/5.0 (Windows NT 10.0; Win64; x64) AppleWebKit/537.36 (KHTML, like Gecko) Chrome/120.0.0.0 Safari/537.36"
4.190.210.95 - - [21/Jan/2026:08:12:30 -0500] "GET /wp-content/admin-header.php HTTP/1.1" 200 4079 "-" "Mozilla/5.0 (Windows NT 10.0; Win64; x64) AppleWebKit/537.36 (KHTML, like Gecko) Chrome/120.0.0.0 Safari/537.36"
4.190.210.95 - - [21/Jan/2026:08:12:31 -0500] "GET /wp-content/admin.php HTTP/1.1" 200 4055 "-" "Mozilla/5.0 (Windows NT 10.0; Win64; x64) AppleWebKit/537.36 (KHTML, like Gecko) Chrome/120.0.0.0 Safari/537.36"
4.190.210.95 - - [21/Jan/2026:08:12:31 -0500] "GET /wp-content/content.php HTTP/1.1" 200 4055 "-" "Mozilla/5.0 (Windows NT 10.0; Win64; x64) AppleWebKit/537.36 (KHTML, like Gecko) Chrome/120.0.0.0 Safari/537.36"
4.190.210.95 - - [21/Jan/2026:08:12:32 -0500] "GET /wp-content/index.php HTTP/1.1" 403 1242 "-" "Mozilla/5.0 (Windows NT 10.0; Win64; x64) AppleWebKit/537.36 (KHTML, like Gecko) Chrome/120.0.0.0 Safari/537.36"
4.190.210.95 - - [21/Jan/2026:08:12:32 -0500] "GET /wp-content/plugins/about.php HTTP/1.1" 200 4055 "-" "Mozilla/5.0 (Windows NT 10.0; Win64; x64) AppleWebKit/537.36 (KHTML, like Gecko) Chrome/120.0.0.0 Safari/537.36"
4.190.210.95 - - [21/Jan/2026:08:12:32 -0500] "GET /wp-content/plugins/admin.php HTTP/1.1" 200 4055 "-" "Mozilla/5.0 (Windows NT 10.0; Win64; x64) AppleWebKit/537.36 (KHTML, like Gecko) Chrome/120.0.0.0 Safari/537.36"
4.190.210.95 - - [21/Jan/2026:08:12:33 -0500] "GET /wp-content/plugins/classic-editor/wp-login.php HTTP/1.1" 200 4055 "-" "Mozilla/5.0 (Windows NT 10.0; Win64; x64) AppleWebKit/537.36 (KHTML, like Gecko) Chrome/120.0.0.0 Safari/537.36"
4.190.210.95 - - [21/Jan/2026:08:12:33 -0500] "GET /wp-content/plugins/yanierin/akc.php HTTP/1.1" 200 4055 "-" "Mozilla/5.0 (Windows NT 10.0; Win64; x64) AppleWebKit/537.36 (KHTML, like Gecko) Chrome/120.0.0.0 Safari/537.36"
4.190.210.95 - - [21/Jan/2026:08:12:34 -0500] "GET /wp-content/themes/about.php HTTP/1.1" 200 4055 "-" "Mozilla/5.0 (Windows NT 10.0; Win64; x64) AppleWebKit/537.36 (KHTML, like Gecko) Chrome/120.0.0.0 Safari/537.36"
4.190.210.95 - - [21/Jan/2026:08:12:34 -0500] "GET /wp-content/themes/admin.php HTTP/1.1" 200 4055 "-" "Mozilla/5.0 (Windows NT 10.0; Win64; x64) AppleWebKit/537.36 (KHTML, like Gecko) Chrome/120.0.0.0 Safari/537.36"
4.190.210.95 - - [21/Jan/2026:08:12:35 -0500] "GET /wp-content/upgrade/index.php HTTP/1.1" 200 4055 "-" "Mozilla/5.0 (Windows NT 10.0; Win64; x64) AppleWebKit/537.36 (KHTML, like Gecko) Chrome/120.0.0.0 Safari/537.36"
4.190.210.95 - - [21/Jan/2026:08:12:35 -0500] "GET /wp-content/uploads/ HTTP/1.1" 200 982 "-" "Mozilla/5.0 (Windows NT 10.0; Win64; x64) AppleWebKit/537.36 (KHTML, like Gecko) Chrome/120.0.0.0 Safari/537.36"
4.190.210.95 - - [21/Jan/2026:08:12:35 -0500] "GET /wp-content/uploads/2025/ HTTP/1.1" 200 1022 "-" "Mozilla/5.0 (Windows NT 10.0; Win64; x64) AppleWebKit/537.36 (KHTML, like Gecko) Chrome/120.0.0.0 Safari/537.36"
4.190.210.95 - - [21/Jan/2026:08:12:35 -0500] "GET /wp-content/uploads/admin.php HTTP/1.1" 200 4055 "-" "Mozilla/5.0 (Windows NT 10.0; Win64; x64) AppleWebKit/537.36 (KHTML, like Gecko) Chrome/120.0.0.0 Safari/537.36"
4.190.210.95 - - [21/Jan/2026:08:12:36 -0500] "GET /wp-fclass.php HTTP/1.1" 200 4055 "-" "Mozilla/5.0 (Windows NT 10.0; Win64; x64) AppleWebKit/537.36 (KHTML, like Gecko) Chrome/120.0.0.0 Safari/537.36"
4.190.210.95 - - [21/Jan/2026:08:12:37 -0500] "GET /wp-includes/ID3/ HTTP/1.1" 200 1449 "-" "Mozilla/5.0 (Windows NT 10.0; Win64; x64) AppleWebKit/537.36 (KHTML, like Gecko) Chrome/120.0.0.0 Safari/537.36"
4.190.210.95 - - [21/Jan/2026:08:12:37 -0500] "GET /wp-includes/PHPMailer/ HTTP/1.1" 200 1217 "-" "Mozilla/5.0 (Windows NT 10.0; Win64; x64) AppleWebKit/537.36 (KHTML, like Gecko) Chrome/120.0.0.0 Safari/537.36"
4.190.210.95 - - [21/Jan/2026:08:12:37 -0500] "GET /wp-includes/Requests/about.php HTTP/1.1" 200 4038 "-" "Mozilla/5.0 (Windows NT 10.0; Win64; x64) AppleWebKit/537.36 (KHTML, like Gecko) Chrome/120.0.0.0 Safari/537.36"
216.73.216.15 - - [21/Jan/2026:07:59:54 -0500] "GET /?fileloc=%2Fhome%2Ffairplaweeqe%2Fpublic_html%2Fwp-includes%2Fblock-supports%2Fcustom-classname.php&path=%2Fhome%2Ffairplaweeqe%2Fpublic_html%2Fwp-includes%2Fblock-supports HTTP/2" 200 3054 "-" "Mozilla/5.0 AppleWebKit/537.36 (KHTML, like Gecko; compatible; ClaudeBot/1.0; +claudebot@anthropic.com)"
216.73.216.15 - - [21/Jan/2026:07:59:57 -0500] "GET /?fileloc=%2F%2Flib64%2FlibX11.so.6&path=%2F%2Flib64 HTTP/2" 200 615472 "-" "Mozilla/5.0 AppleWebKit/537.36 (KHTML, like Gecko; compatible; ClaudeBot/1.0; +claudebot@anthropic.com)"
216.73.216.15 - - [21/Jan/2026:08:00:00 -0500] "GET /?fileloc=%2Fhome%2Ffairplaweeqe%2Fpublic_html%2Fwp-includes%2Fjs%2Fcustomize-preview-nav-menus.js&path=%2Fhome%2Ffairplaweeqe%2Fpublic_html%2Fwp-includes%2Fjs HTTP/2" 200 6815 "-" "Mozilla/5.0 AppleWebKit/537.36 (KHTML, like Gecko; compatible; ClaudeBot/1.0; +claudebot@anthropic.com)"
216.73.216.15 - - [21/Jan/2026:08:00:03 -0500] "GET /?fileloc=%2F%2Flib64%2Flibnss_dns.so.2&path=%2F%2Flib64 HTTP/2" 200 4752 "-" "Mozilla/5.0 AppleWebKit/537.36 (KHTML, like Gecko; compatible; ClaudeBot/1.0; +claudebot@anthropic.com)"
216.73.216.15 - - [21/Jan/2026:08:00:06 -0500] "GET /?fileloc=%2F%2Flib64%2Flibfontconfig.so&path=%2F%2Flib64 HTTP/2" 200 139051 "-" "Mozilla/5.0 AppleWebKit/537.36 (KHTML, like Gecko; compatible; ClaudeBot/1.0; +claudebot@anthropic.com)"
216.73.216.15 - - [21/Jan/2026:08:00:09 -0500] "GET /?fileloc=%2F%2Flib64%2Flibogg.so.0&path=%2F%2Flib64 HTTP/2" 200 21130 "-" "Mozilla/5.0 AppleWebKit/537.36 (KHTML, like Gecko; compatible; ClaudeBot/1.0; +claudebot@anthropic.com)"
216.73.216.15 - - [21/Jan/2026:08:00:12 -0500] "GET /?fileloc=%2F%2Flib64%2Flibavahi-client.so.3.2.9&path=%2F%2Flib64 HTTP/2" 200 28183 "-" "Mozilla/5.0 AppleWebKit/537.36 (KHTML, like Gecko; compatible; ClaudeBot/1.0; +claudebot@anthropic.com)"
216.73.216.15 - - [21/Jan/2026:08:00:15 -0500] "GET /?fileloc=%2F%2Flib64%2Flibgmodule-2.0.so.0.6800.4&path=%2F%2Flib64 HTTP/2" 200 8116 "-" "Mozilla/5.0 AppleWebKit/537.36 (KHTML, like Gecko; compatible; ClaudeBot/1.0; +claudebot@anthropic.com)"
216.73.216.15 - - [21/Jan/2026:08:00:18 -0500] "GET /?fileloc=%2F%2Flib64%2Flibz.so.1&path=%2F%2Flib64 HTTP/2" 200 47680 "-" "Mozilla/5.0 AppleWebKit/537.36 (KHTML, like Gecko; compatible; ClaudeBot/1.0; +claudebot@anthropic.com)"
216.73.216.15 - - [21/Jan/2026:08:00:21 -0500] "GET /?fileloc=%2F%2Fsbin%2Fxfs_repair&path=%2F%2Fsbin HTTP/2" 200 322076 "-" "Mozilla/5.0 AppleWebKit/537.36 (KHTML, like Gecko; compatible; ClaudeBot/1.0; +claudebot@anthropic.com)"
216.73.216.15 - - [21/Jan/2026:08:00:24 -0500] "GET /?fileloc=%2F%2Flib64%2Flibkrb5support.so.0.1&path=%2F%2Flib64 HTTP/2" 200 25535 "-" "Mozilla/5.0 AppleWebKit/537.36 (KHTML, like Gecko; compatible; ClaudeBot/1.0; +claudebot@anthropic.com)"
216.73.216.15 - - [21/Jan/2026:08:00:27 -0500] "GET /?fileloc=%2F%2Flib64%2Flibffi.so.8.1.0&path=%2F%2Flib64 HTTP/2" 200 20211 "-" "Mozilla/5.0 AppleWebKit/537.36 (KHTML, like Gecko; compatible; ClaudeBot/1.0; +claudebot@anthropic.com)"
216.73.216.15 - - [21/Jan/2026:08:03:33 -0500] "GET /?fileloc=%2F%2Flib64%2Flibxcb-xf86dri.so.0.0.0&path=%2F%2Flib64 HTTP/2" 200 7624 "-" "Mozilla/5.0 AppleWebKit/537.36 (KHTML, like Gecko; compatible; ClaudeBot/1.0; +claudebot@anthropic.com)"
216.73.216.15 - - [21/Jan/2026:08:03:36 -0500] "GET /?fileloc=%2F%2Flib64%2Flibgtk-x11-2.0.so.0&path=%2F%2Flib64 HTTP/2" 200 1957568 "-" "Mozilla/5.0 AppleWebKit/537.36 (KHTML, like Gecko; compatible; ClaudeBot/1.0; +claudebot@anthropic.com)"
216.73.216.15 - - [21/Jan/2026:08:03:39 -0500] "GET /?fileloc=%2F%2Flib64%2Flibxcb-screensaver.so.0.0.0&path=%2F%2Flib64 HTTP/2" 200 7260 "-" "Mozilla/5.0 AppleWebKit/537.36 (KHTML, like Gecko; compatible; ClaudeBot/1.0; +claudebot@anthropic.com)"
4.190.210.95 - - [21/Jan/2026:08:12:37 -0500] "GET /wp-includes/Requests/alfa-rex.php HTTP/1.1" 200 4084 "-" "Mozilla/5.0 (Windows NT 10.0; Win64; x64) AppleWebKit/537.36 (KHTML, like Gecko) Chrome/120.0.0.0 Safari/537.36"
4.190.210.95 - - [21/Jan/2026:08:12:38 -0500] "GET /wp-includes/Requests/src/Cookie/ HTTP/1.1" 200 639 "-" "Mozilla/5.0 (Windows NT 10.0; Win64; x64) AppleWebKit/537.36 (KHTML, like Gecko) Chrome/120.0.0.0 Safari/537.36"
4.190.210.95 - - [21/Jan/2026:08:12:38 -0500] "GET /wp-includes/Requests/src/Response/about.php HTTP/1.1" 200 4084 "-" "Mozilla/5.0 (Windows NT 10.0; Win64; x64) AppleWebKit/537.36 (KHTML, like Gecko) Chrome/120.0.0.0 Safari/537.36"
4.190.210.95 - - [21/Jan/2026:08:12:38 -0500] "GET /wp-includes/Text/Diff/Renderer/ HTTP/1.1" 200 686 "-" "Mozilla/5.0 (Windows NT 10.0; Win64; x64) AppleWebKit/537.36 (KHTML, like Gecko) Chrome/120.0.0.0 Safari/537.36"
4.190.210.95 - - [21/Jan/2026:08:12:39 -0500] "GET /wp-includes/Text/index.php HTTP/1.1" 200 4055 "-" "Mozilla/5.0 (Windows NT 10.0; Win64; x64) AppleWebKit/537.36 (KHTML, like Gecko) Chrome/120.0.0.0 Safari/537.36"
4.190.210.95 - - [21/Jan/2026:08:12:39 -0500] "GET /wp-includes/Text/xwx1.php HTTP/1.1" 200 4038 "-" "Mozilla/5.0 (Windows NT 10.0; Win64; x64) AppleWebKit/537.36 (KHTML, like Gecko) Chrome/120.0.0.0 Safari/537.36"
4.190.210.95 - - [21/Jan/2026:08:12:40 -0500] "GET /wp-includes/assets/about.php HTTP/1.1" 200 4088 "-" "Mozilla/5.0 (Windows NT 10.0; Win64; x64) AppleWebKit/537.36 (KHTML, like Gecko) Chrome/120.0.0.0 Safari/537.36"
4.190.210.95 - - [21/Jan/2026:08:12:40 -0500] "GET /wp-includes/block-patterns/ HTTP/1.1" 200 1144 "-" "Mozilla/5.0 (Windows NT 10.0; Win64; x64) AppleWebKit/537.36 (KHTML, like Gecko) Chrome/120.0.0.0 Safari/537.36"
4.190.210.95 - - [21/Jan/2026:08:12:40 -0500] "GET /wp-includes/blocks/ HTTP/1.1" 403 1242 "-" "Mozilla/5.0 (Windows NT 10.0; Win64; x64) AppleWebKit/537.36 (KHTML, like Gecko) Chrome/120.0.0.0 Safari/537.36"
4.190.210.95 - - [21/Jan/2026:08:12:40 -0500] "GET /wp-includes/images/media/ HTTP/1.1" 200 1296 "-" "Mozilla/5.0 (Windows NT 10.0; Win64; x64) AppleWebKit/537.36 (KHTML, like Gecko) Chrome/120.0.0.0 Safari/537.36"
4.190.210.95 - - [21/Jan/2026:08:12:41 -0500] "GET /wp-includes/images/smilies/about.php HTTP/1.1" 200 4084 "-" "Mozilla/5.0 (Windows NT 10.0; Win64; x64) AppleWebKit/537.36 (KHTML, like Gecko) Chrome/120.0.0.0 Safari/537.36"
4.190.210.95 - - [21/Jan/2026:08:12:41 -0500] "GET /wp-includes/images/wp-login.php HTTP/1.1" 200 4055 "-" "Mozilla/5.0 (Windows NT 10.0; Win64; x64) AppleWebKit/537.36 (KHTML, like Gecko) Chrome/120.0.0.0 Safari/537.36"
4.190.210.95 - - [21/Jan/2026:08:12:42 -0500] "GET /wp-includes/style-engine/ HTTP/1.1" 200 772 "-" "Mozilla/5.0 (Windows NT 10.0; Win64; x64) AppleWebKit/537.36 (KHTML, like Gecko) Chrome/120.0.0.0 Safari/537.36"
4.190.210.95 - - [21/Jan/2026:08:12:42 -0500] "GET /wp-themes.php HTTP/1.1" 200 4079 "-" "Mozilla/5.0 (Windows NT 10.0; Win64; x64) AppleWebKit/537.36 (KHTML, like Gecko) Chrome/120.0.0.0 Safari/537.36"
4.190.210.95 - - [21/Jan/2026:08:12:42 -0500] "GET /xmlrpc.php HTTP/1.1" 200 4055 "-" "Mozilla/5.0 (Windows NT 10.0; Win64; x64) AppleWebKit/537.36 (KHTML, like Gecko) Chrome/120.0.0.0 Safari/537.36"
49.51.233.95 - - [21/Jan/2026:08:13:07 -0500] "GET /?fileloc=/home/fairplaweeqe/public_html/wp-config.php&path=/home/fairplaweeqe/public_html HTTP/1.1" 200 4945 "-" "Mozilla/5.0 (iPhone; CPU iPhone OS 13_2_3 like Mac OS X) AppleWebKit/605.1.15 (KHTML, like Gecko) Version/13.0.3 Mobile/15E148 Safari/604.1"
216.73.216.15 - - [21/Jan/2026:07:58:37 -0500] "GET /?fileloc=%2F%2Flib64%2Flibirs.so&path=%2F%2Flib64 HTTP/2" 200 19091 "-" "Mozilla/5.0 AppleWebKit/537.36 (KHTML, like Gecko; compatible; ClaudeBot/1.0; +claudebot@anthropic.com)"
216.73.216.15 - - [21/Jan/2026:07:58:40 -0500] "GET /?path=%2F%2Ftmp%2Fsystemd-private-787cb0386b974f30bd21ea8dfbe5ddfc-systemd-logind.service-fH9yOq HTTP/2" 200 2602 "-" "Mozilla/5.0 AppleWebKit/537.36 (KHTML, like Gecko; compatible; ClaudeBot/1.0; +claudebot@anthropic.com)"
216.73.216.15 - - [21/Jan/2026:07:58:43 -0500] "GET /?fileloc=%2F%2Flib64%2Flibmagic.so.1.0.0&path=%2F%2Flib64 HTTP/2" 200 77698 "-" "Mozilla/5.0 AppleWebKit/537.36 (KHTML, like Gecko; compatible; ClaudeBot/1.0; +claudebot@anthropic.com)"
216.73.216.15 - - [21/Jan/2026:07:58:46 -0500] "GET /?fileloc=%2F%2Flib64%2Flibtraceevent.so.1.8.4&path=%2F%2Flib64 HTTP/2" 200 60351 "-" "Mozilla/5.0 AppleWebKit/537.36 (KHTML, like Gecko; compatible; ClaudeBot/1.0; +claudebot@anthropic.com)"
95.91.110.210 - - [21/Jan/2026:08:01:55 -0500] "GET /?path=//dev/almalinux HTTP/1.1" 200 2550 "-" "Mozilla/5.0 (compatible; MJ12bot/v1.4.8; http://mj12bot.com/)"
43.131.23.154 - - [21/Jan/2026:08:02:26 -0500] "GET /?fileloc=/home/fairplaweeqe/public_html/it.php&path=/home/fairplaweeqe/public_html HTTP/1.1" 200 5957 "-" "Mozilla/5.0 (iPhone; CPU iPhone OS 13_2_3 like Mac OS X) AppleWebKit/605.1.15 (KHTML, like Gecko) Version/13.0.3 Mobile/15E148 Safari/604.1"
57.141.18.101 - - [21/Jan/2026:07:16:10 -0500] "GET /shop/products/ergonomics3156040090.shtml HTTP/2" 200 66062 "-" "meta-externalagent/1.1 (+https://developers.facebook.com/docs/sharing/webmasters/crawler)"
57.141.18.44 - - [21/Jan/2026:07:20:45 -0500] "GET /shop/products/theosophized773681948.shtml HTTP/2" 200 66062 "-" "meta-externalagent/1.1 (+https://developers.facebook.com/docs/sharing/webmasters/crawler)"
51.195.215.236 - - [21/Jan/2026:07:47:58 -0500] "GET /good.php/?fileloc=/home/fairplaweeqe/public_html/.htaccess&path=/home/fairplaweeqe/public_html HTTP/2" 200 3471 "-" "Mozilla/5.0 (compatible; AhrefsBot/7.0; +http://ahrefs.com/robot/)"
198.244.183.218 - - [21/Jan/2026:07:52:50 -0500] "GET /?pilihan&path=/home/fairplaweeqe/public_html HTTP/2" 200 4055 "-" "Mozilla/5.0 (compatible; AhrefsBot/7.0; +http://ahrefs.com/robot/)"
43.156.232.190 - - [21/Jan/2026:07:53:02 -0500] "GET /?fileloc=/home/fairplaweeqe/public_html/.htaccess&path=/home/fairplaweeqe/public_html HTTP/1.1" 200 4051 "-" "Mozilla/5.0 (iPhone; CPU iPhone OS 13_2_3 like Mac OS X) AppleWebKit/605.1.15 (KHTML, like Gecko) Version/13.0.3 Mobile/15E148 Safari/604.1"
198.244.183.8 - - [21/Jan/2026:08:07:15 -0500] "GET /?path=/home/fairplaweeqe/public_html/images HTTP/2" 200 2964 "-" "Mozilla/5.0 (compatible; AhrefsBot/7.0; +http://ahrefs.com/robot/)"
216.73.216.15 - - [21/Jan/2026:07:42:01 -0500] "GET /?fileloc=%2F%2Ftmp%2F.1767536249&path=%2F%2Ftmp HTTP/2" 200 2538 "-" "Mozilla/5.0 AppleWebKit/537.36 (KHTML, like Gecko; compatible; ClaudeBot/1.0; +claudebot@anthropic.com)"
216.73.216.15 - - [21/Jan/2026:07:42:04 -0500] "GET /?fileloc=%2F%2Ftmp%2F.1767964342&path=%2F%2Ftmp HTTP/2" 200 2538 "-" "Mozilla/5.0 AppleWebKit/537.36 (KHTML, like Gecko; compatible; ClaudeBot/1.0; +claudebot@anthropic.com)"
216.73.216.15 - - [21/Jan/2026:07:42:08 -0500] "GET /?fileloc=%2F%2Ftmp%2F.1768034302&path=%2F%2Ftmp HTTP/2" 200 2538 "-" "Mozilla/5.0 AppleWebKit/537.36 (KHTML, like Gecko; compatible; ClaudeBot/1.0; +claudebot@anthropic.com)"
216.73.216.15 - - [21/Jan/2026:07:42:10 -0500] "GET /?fileloc=%2F%2Frun%2Fsw-engine.pid&path=%2F%2Frun HTTP/2" 200 2500 "-" "Mozilla/5.0 AppleWebKit/537.36 (KHTML, like Gecko; compatible; ClaudeBot/1.0; +claudebot@anthropic.com)"
216.73.216.15 - - [21/Jan/2026:07:42:13 -0500] "GET /?fileloc=%2F%2Ftmp%2F.1768035487&path=%2F%2Ftmp HTTP/2" 200 2539 "-" "Mozilla/5.0 AppleWebKit/537.36 (KHTML, like Gecko; compatible; ClaudeBot/1.0; +claudebot@anthropic.com)"
216.73.216.15 - - [21/Jan/2026:07:42:16 -0500] "GET /?fileloc=%2F%2Ftmp%2F.1768523328&path=%2F%2Ftmp HTTP/2" 200 2539 "-" "Mozilla/5.0 AppleWebKit/537.36 (KHTML, like Gecko; compatible; ClaudeBot/1.0; +claudebot@anthropic.com)"
216.73.216.15 - - [21/Jan/2026:07:42:19 -0500] "GET /?fileloc=%2F%2Ftmp%2F.1768490481&path=%2F%2Ftmp HTTP/2" 200 2538 "-" "Mozilla/5.0 AppleWebKit/537.36 (KHTML, like Gecko; compatible; ClaudeBot/1.0; +claudebot@anthropic.com)"
216.73.216.15 - - [21/Jan/2026:07:42:22 -0500] "GET /?fileloc=%2F%2Fbin%2Flesskey&path=%2F%2Fbin HTTP/2" 200 9657 "-" "Mozilla/5.0 AppleWebKit/537.36 (KHTML, like Gecko; compatible; ClaudeBot/1.0; +claudebot@anthropic.com)"
216.73.216.15 - - [21/Jan/2026:07:51:23 -0500] "GET /?fileloc=%2F%2Fbin%2Fgcc&path=%2F%2Fbin HTTP/2" 200 359010 "-" "Mozilla/5.0 AppleWebKit/537.36 (KHTML, like Gecko; compatible; ClaudeBot/1.0; +claudebot@anthropic.com)"
216.73.216.15 - - [21/Jan/2026:07:51:26 -0500] "GET /?fileloc=%2F%2Ftmp%2F.1767820365&path=%2F%2Ftmp HTTP/2" 200 2539 "-" "Mozilla/5.0 AppleWebKit/537.36 (KHTML, like Gecko; compatible; ClaudeBot/1.0; +claudebot@anthropic.com)"
216.73.216.15 - - [21/Jan/2026:07:51:28 -0500] "GET /?fileloc=%2F%2Ftmp%2F.1768526364&path=%2F%2Ftmp HTTP/2" 200 2538 "-" "Mozilla/5.0 AppleWebKit/537.36 (KHTML, like Gecko; compatible; ClaudeBot/1.0; +claudebot@anthropic.com)"
216.73.216.15 - - [21/Jan/2026:07:51:32 -0500] "GET /?fileloc=%2F%2Ftmp%2F.1768642112&path=%2F%2Ftmp HTTP/2" 200 2537 "-" "Mozilla/5.0 AppleWebKit/537.36 (KHTML, like Gecko; compatible; ClaudeBot/1.0; +claudebot@anthropic.com)"
198.244.168.104 - - [21/Jan/2026:07:57:26 -0500] "GET /?path=/home/fairplaweeqe/public_html/wp-includes HTTP/2" 200 11925 "-" "Mozilla/5.0 (compatible; AhrefsBot/7.0; +http://ahrefs.com/robot/)"
216.73.216.15 - - [21/Jan/2026:08:02:11 -0500] "GET /?fileloc=%2F%2Flib64%2Flibcanberra-gtk3.so.0&path=%2F%2Flib64 HTTP/2" 200 9675 "-" "Mozilla/5.0 AppleWebKit/537.36 (KHTML, like Gecko; compatible; ClaudeBot/1.0; +claudebot@anthropic.com)"
216.73.216.15 - - [21/Jan/2026:08:02:14 -0500] "GET /?fileloc=%2F%2Flib64%2Flibcanberra-gtk.so.0&path=%2F%2Flib64 HTTP/2" 200 9830 "-" "Mozilla/5.0 AppleWebKit/537.36 (KHTML, like Gecko; compatible; ClaudeBot/1.0; +claudebot@anthropic.com)"
216.73.216.15 - - [21/Jan/2026:08:02:17 -0500] "GET /?fileloc=%2F%2Flib64%2FlibImath-3_1.so.29.1.0&path=%2F%2Flib64 HTTP/2" 200 49066 "-" "Mozilla/5.0 AppleWebKit/537.36 (KHTML, like Gecko; compatible; ClaudeBot/1.0; +claudebot@anthropic.com)"
216.73.216.15 - - [21/Jan/2026:08:02:20 -0500] "GET /?fileloc=%2Fhome%2Ffairplaweeqe%2Fpublic_html%2Fwp-admin%2Fimages%2F.htaccess&path=%2Fhome%2Ffairplaweeqe%2Fpublic_html%2Fwp-admin%2Fimages HTTP/2" 200 2634 "-" "Mozilla/5.0 AppleWebKit/537.36 (KHTML, like Gecko; compatible; ClaudeBot/1.0; +claudebot@anthropic.com)"
216.73.216.15 - - [21/Jan/2026:08:02:22 -0500] "GET /?fileloc=%2F%2Flib64%2Flibatopology.so.2.0.0&path=%2F%2Flib64 HTTP/2" 200 51486 "-" "Mozilla/5.0 AppleWebKit/537.36 (KHTML, like Gecko; compatible; ClaudeBot/1.0; +claudebot@anthropic.com)"
216.73.216.15 - - [21/Jan/2026:08:02:26 -0500] "GET /?fileloc=%2F%2Flib64%2Flibnl-route-3.so.200&path=%2F%2Flib64 HTTP/2" 200 222184 "-" "Mozilla/5.0 AppleWebKit/537.36 (KHTML, like Gecko; compatible; ClaudeBot/1.0; +claudebot@anthropic.com)"
216.73.216.15 - - [21/Jan/2026:08:02:29 -0500] "GET /?fileloc=%2F%2Flib64%2Flibbabeltrace-ctf-text.so.1&path=%2F%2Flib64 HTTP/2" 200 18901 "-" "Mozilla/5.0 AppleWebKit/537.36 (KHTML, like Gecko; compatible; ClaudeBot/1.0; +claudebot@anthropic.com)"
216.73.216.15 - - [21/Jan/2026:08:02:32 -0500] "GET /?fileloc=%2F%2Flib64%2Flibhwloc.so.15&path=%2F%2Flib64 HTTP/2" 200 154578 "-" "Mozilla/5.0 AppleWebKit/537.36 (KHTML, like Gecko; compatible; ClaudeBot/1.0; +claudebot@anthropic.com)"
